{"id":227,"date":"2018-03-25T18:27:36","date_gmt":"2018-03-25T17:27:36","guid":{"rendered":"http:\/\/www.laksmanna.cz\/info\/?page_id=227"},"modified":"2025-06-02T18:54:53","modified_gmt":"2025-06-02T17:54:53","slug":"o-nas","status":"publish","type":"page","link":"https:\/\/www.laksmanna.cz\/info\/o-nas\/","title":{"rendered":"o n\u00e1s"},"content":{"rendered":"\t\t<div data-elementor-type=\"wp-post\" data-elementor-id=\"227\" class=\"elementor elementor-227\">\n\t\t\t\t\t\t<section class=\"elementor-section elementor-top-section elementor-element elementor-element-e0f07f2 elementor-section-boxed elementor-section-height-default elementor-section-height-default\" data-id=\"e0f07f2\" data-element_type=\"section\" data-e-type=\"section\" data-settings=\"{&quot;background_background&quot;:&quot;classic&quot;}\">\n\t\t\t\t\t\t\t<div class=\"elementor-background-overlay\"><\/div>\n\t\t\t\t\t\t\t<div class=\"elementor-container elementor-column-gap-default\">\n\t\t\t\t\t<div class=\"elementor-column elementor-col-100 elementor-top-column elementor-element elementor-element-dfd188e\" data-id=\"dfd188e\" data-element_type=\"column\" data-e-type=\"column\">\n\t\t\t<div class=\"elementor-widget-wrap elementor-element-populated\">\n\t\t\t\t\t\t<div class=\"elementor-element elementor-element-dee1086 elementor-widget elementor-widget-text-editor\" data-id=\"dee1086\" data-element_type=\"widget\" data-e-type=\"widget\" data-widget_type=\"text-editor.default\">\n\t\t\t\t<div class=\"elementor-widget-container\">\n\t\t\t\t\t\t\t\t\t<p>\u00a0<\/p><p>\u00a0<\/p><p>\u00a0<\/p><p>\u00a0<\/p><p>\u00a0<\/p><p>\u00a0<\/p><p>\u00a0<\/p><p>\u00a0<\/p><p>\u00a0<\/p>\t\t\t\t\t\t\t\t<\/div>\n\t\t\t\t<\/div>\n\t\t\t\t\t<\/div>\n\t\t<\/div>\n\t\t\t\t\t<\/div>\n\t\t<\/section>\n\t\t\t\t<section class=\"elementor-section elementor-top-section elementor-element elementor-element-7883cd87 elementor-section-boxed elementor-section-height-default elementor-section-height-default\" data-id=\"7883cd87\" data-element_type=\"section\" data-e-type=\"section\" data-settings=\"{&quot;background_background&quot;:&quot;classic&quot;}\">\n\t\t\t\t\t\t<div class=\"elementor-container elementor-column-gap-default\">\n\t\t\t\t\t<div class=\"elementor-column elementor-col-100 elementor-top-column elementor-element elementor-element-b1d67ac\" data-id=\"b1d67ac\" data-element_type=\"column\" data-e-type=\"column\">\n\t\t\t<div class=\"elementor-widget-wrap elementor-element-populated\">\n\t\t\t\t\t\t<div class=\"elementor-element elementor-element-5ea97e15 elementor-invisible elementor-widget elementor-widget-heading\" data-id=\"5ea97e15\" data-element_type=\"widget\" data-e-type=\"widget\" data-settings=\"{&quot;_animation&quot;:&quot;fadeInUp&quot;}\" data-widget_type=\"heading.default\">\n\t\t\t\t<div class=\"elementor-widget-container\">\n\t\t\t\t\t<h2 class=\"elementor-heading-title elementor-size-large\">O N\u00c1S<\/h2>\t\t\t\t<\/div>\n\t\t\t\t<\/div>\n\t\t\t\t<div class=\"elementor-element elementor-element-6e0d0200 elementor-widget elementor-widget-text-editor\" data-id=\"6e0d0200\" data-element_type=\"widget\" data-e-type=\"widget\" data-widget_type=\"text-editor.default\">\n\t\t\t\t<div class=\"elementor-widget-container\">\n\t\t\t\t\t\t\t\t\t<p style=\"text-align: left;\">V\u00edce ne\u017e 15 let se v\u011bnujeme v\u00fdrob\u011b zdrav\u00e9ho j\u00eddla podle na\u0161ich vlastn\u00edch receptur. Ve zdrav\u00fdch v\u00fd\u017eiv\u00e1ch si m\u016f\u017eete koupit na\u0161e vegansk\u00e9 i ml\u00e9\u010dn\u00e9 pomaz\u00e1nky, j\u00e1hlov\u00e9 kr\u00e9my, dezerty, pickles (sal\u00e1t z kva\u0161en\u00e9 zeleniny), sushi, vegansk\u00e9 kuli\u010dky a placi\u010dky a mnoho dal\u0161\u00edho.\u00a0D\u00e1le dod\u00e1v\u00e1me j\u00eddlo do vybran\u00fdch mate\u0159sk\u00fdch a z\u00e1kladn\u00edch \u0161kol v Brn\u011b a okol\u00ed.<br \/>V bl\u00edzk\u00e9 dob\u011b se m\u016f\u017eete t\u011b\u0161it i na roz\u0161\u00ed\u0159en\u00ed na\u0161eho e-shopu!<\/p>\t\t\t\t\t\t\t\t<\/div>\n\t\t\t\t<\/div>\n\t\t\t\t<div class=\"elementor-element elementor-element-037a8b6 elementor-widget elementor-widget-heading\" data-id=\"037a8b6\" data-element_type=\"widget\" data-e-type=\"widget\" data-widget_type=\"heading.default\">\n\t\t\t\t<div class=\"elementor-widget-container\">\n\t\t\t\t\t<h1 class=\"elementor-heading-title elementor-size-default\">na\u0161e z\u00e1sady<\/h1>\t\t\t\t<\/div>\n\t\t\t\t<\/div>\n\t\t\t\t<div class=\"elementor-element elementor-element-f4c1724 elementor-widget elementor-widget-text-editor\" data-id=\"f4c1724\" data-element_type=\"widget\" data-e-type=\"widget\" data-widget_type=\"text-editor.default\">\n\t\t\t\t<div class=\"elementor-widget-container\">\n\t\t\t\t\t\t\t\t\t<ul><li>na\u0161e j\u00eddla spl\u0148uj\u00ed po\u017eadavky tzv. ochrann\u00e9 stravy, tedy chr\u00e1n\u00ed p\u0159ed civiliza\u010dn\u00edmi chorobami jako diabetes, hypoglykemie, hypertenze, obezita, arterioskler\u00f3za<\/li><li>v\u0161echny na\u0161e produkty\u00a0 jsou vyr\u00e1b\u011bny podle na\u0161ich origin\u00e1ln\u00edch recept\u016f<\/li><li>na\u0161imi dodavateli ml\u00e9\u010dn\u00fdch v\u00fdrobk\u016f a zeleniny jsou i mal\u00ed dodavatel\u00e9 a drobn\u00ed farm\u00e1\u0159i; \u010d\u00e1st na\u0161ich surovin je v\u00a0BIO kvalit\u011b<\/li><li>na\u0161e strava je vyv\u00e1\u017een\u00e1 a komplexn\u00ed, s\u00a0optim\u00e1ln\u00edm slo\u017een\u00edm \u017eivin, miner\u00e1l\u016f, vitam\u00edn\u016f a enzym\u016f, co\u017e je d\u016fle\u017eit\u00e9 pro vz\u00e1jemn\u00e9 vst\u0159eb\u00e1v\u00e1n\u00ed \u017eivin a spr\u00e1vn\u00e9 fungov\u00e1n\u00ed v\u0161ech org\u00e1n\u016f<\/li><li>nepou\u017e\u00edv\u00e1me \u017e\u00e1dn\u00e9 n\u00e1hra\u017eky, instantn\u00ed sm\u011bsi, aditiva, barviva ani konzerva\u010dn\u00ed l\u00e1tky<\/li><li>slo\u017een\u00ed j\u00eddeln\u00ed\u010dku p\u016fsob\u00ed pozitivn\u011b na \u010dinnost tr\u00e1vic\u00edho syst\u00e9mu, kter\u00fd m\u00e1 rozhoduj\u00edc\u00ed vliv na p\u0159irozenou imunitu organismu<\/li><li>ke slazen\u00ed pou\u017e\u00edv\u00e1me r\u00fd\u017eov\u00fd BIO sirup<\/li><\/ul>\t\t\t\t\t\t\t\t<\/div>\n\t\t\t\t<\/div>\n\t\t\t\t\t<\/div>\n\t\t<\/div>\n\t\t\t\t\t<\/div>\n\t\t<\/section>\n\t\t\t\t<section class=\"elementor-section elementor-top-section elementor-element elementor-element-58d34453 elementor-section-stretched elementor-section-full_width elementor-section-height-default elementor-section-height-default\" data-id=\"58d34453\" data-element_type=\"section\" data-e-type=\"section\" data-settings=\"{&quot;stretch_section&quot;:&quot;section-stretched&quot;,&quot;background_background&quot;:&quot;classic&quot;,&quot;animation&quot;:&quot;none&quot;}\">\n\t\t\t\t\t\t<div class=\"elementor-container elementor-column-gap-default\">\n\t\t\t\t\t<div class=\"elementor-column elementor-col-100 elementor-top-column elementor-element elementor-element-20afdd45\" data-id=\"20afdd45\" data-element_type=\"column\" data-e-type=\"column\">\n\t\t\t<div class=\"elementor-widget-wrap elementor-element-populated\">\n\t\t\t\t\t\t<div class=\"elementor-element elementor-element-41ebdb85 elementor-invisible elementor-widget elementor-widget-text-editor\" data-id=\"41ebdb85\" data-element_type=\"widget\" data-e-type=\"widget\" data-settings=\"{&quot;_animation&quot;:&quot;fadeInUp&quot;}\" data-widget_type=\"text-editor.default\">\n\t\t\t\t<div class=\"elementor-widget-container\">\n\t\t\t\t\t\t\t\t\t<p style=\"text-align: center;\"><span style=\"color: #333232;\"><b>Lak\u0161manna s.r.o.<\/b><\/span><\/p>\n<p style=\"text-align: center;\"><span style=\"color: #333232;\">tel.: 602 855 448<\/span><\/p>\n<p style=\"text-align: center;\"><a href=\"mailto:lakosilova@laksmanna.cz\">lakosilova \/zavinac\/ laksmanna.cz<\/a><\/p>\n<p style=\"text-align: center;\"><span style=\"color: #333232;\">Pod N\u00e1dra\u017e\u00edm 392, B\u00edlovice nad svitavou<\/span><\/p>\n<p style=\"text-align: center;\"><\/p>\t\t\t\t\t\t\t\t<\/div>\n\t\t\t\t<\/div>\n\t\t\t\t\t<\/div>\n\t\t<\/div>\n\t\t\t\t\t<\/div>\n\t\t<\/section>\n\t\t\t\t<\/div>\n\t\t","protected":false},"excerpt":{"rendered":"<p>\u00a0 \u00a0 \u00a0 \u00a0 \u00a0 \u00a0 \u00a0 \u00a0 \u00a0 O N\u00c1S V\u00edce ne\u017e 15 let se v\u011bnujeme v\u00fdrob\u011b zdrav\u00e9ho j\u00eddla podle na\u0161ich vlastn\u00edch receptur. Ve zdrav\u00fdch v\u00fd\u017eiv\u00e1ch si m\u016f\u017eete koupit na\u0161e vegansk\u00e9 i ml\u00e9\u010dn\u00e9 pomaz\u00e1nky, j\u00e1hlov\u00e9 kr\u00e9my, dezerty, pickles (sal\u00e1t z kva\u0161en\u00e9 zeleniny), sushi, vegansk\u00e9 kuli\u010dky a placi\u010dky a mnoho dal\u0161\u00edho.\u00a0D\u00e1le dod\u00e1v\u00e1me j\u00eddlo do vybran\u00fdch [&hellip;]<\/p>\n","protected":false},"author":1,"featured_media":0,"parent":0,"menu_order":0,"comment_status":"closed","ping_status":"closed","template":"","meta":{"ocean_post_layout":"full-screen","ocean_both_sidebars_style":"","ocean_both_sidebars_content_width":0,"ocean_both_sidebars_sidebars_width":0,"ocean_sidebar":"0","ocean_second_sidebar":"0","ocean_disable_margins":"enable","ocean_add_body_class":"","ocean_shortcode_before_top_bar":"","ocean_shortcode_after_top_bar":"","ocean_shortcode_before_header":"","ocean_shortcode_after_header":"","ocean_has_shortcode":"","ocean_shortcode_after_title":"","ocean_shortcode_before_footer_widgets":"","ocean_shortcode_after_footer_widgets":"","ocean_shortcode_before_footer_bottom":"","ocean_shortcode_after_footer_bottom":"","ocean_display_top_bar":"default","ocean_display_header":"default","ocean_header_style":"","ocean_center_header_left_menu":"0","ocean_custom_header_template":"0","ocean_custom_logo":0,"ocean_custom_retina_logo":0,"ocean_custom_logo_max_width":0,"ocean_custom_logo_tablet_max_width":0,"ocean_custom_logo_mobile_max_width":0,"ocean_custom_logo_max_height":0,"ocean_custom_logo_tablet_max_height":0,"ocean_custom_logo_mobile_max_height":0,"ocean_header_custom_menu":"0","ocean_menu_typo_font_family":"0","ocean_menu_typo_font_subset":"","ocean_menu_typo_font_size":0,"ocean_menu_typo_font_size_tablet":0,"ocean_menu_typo_font_size_mobile":0,"ocean_menu_typo_font_size_unit":"px","ocean_menu_typo_font_weight":"","ocean_menu_typo_font_weight_tablet":"","ocean_menu_typo_font_weight_mobile":"","ocean_menu_typo_transform":"","ocean_menu_typo_transform_tablet":"","ocean_menu_typo_transform_mobile":"","ocean_menu_typo_line_height":0,"ocean_menu_typo_line_height_tablet":0,"ocean_menu_typo_line_height_mobile":0,"ocean_menu_typo_line_height_unit":"","ocean_menu_typo_spacing":0,"ocean_menu_typo_spacing_tablet":0,"ocean_menu_typo_spacing_mobile":0,"ocean_menu_typo_spacing_unit":"","ocean_menu_link_color":"","ocean_menu_link_color_hover":"","ocean_menu_link_color_active":"","ocean_menu_link_background":"","ocean_menu_link_hover_background":"","ocean_menu_link_active_background":"","ocean_menu_social_links_bg":"","ocean_menu_social_hover_links_bg":"","ocean_menu_social_links_color":"","ocean_menu_social_hover_links_color":"","ocean_disable_title":"on","ocean_disable_heading":"default","ocean_post_title":"","ocean_post_subheading":"","ocean_post_title_style":"","ocean_post_title_background_color":"","ocean_post_title_background":0,"ocean_post_title_bg_image_position":"","ocean_post_title_bg_image_attachment":"","ocean_post_title_bg_image_repeat":"","ocean_post_title_bg_image_size":"","ocean_post_title_height":0,"ocean_post_title_bg_overlay":0.5,"ocean_post_title_bg_overlay_color":"","ocean_disable_breadcrumbs":"default","ocean_breadcrumbs_color":"","ocean_breadcrumbs_separator_color":"","ocean_breadcrumbs_links_color":"","ocean_breadcrumbs_links_hover_color":"","ocean_display_footer_widgets":"off","ocean_display_footer_bottom":"off","ocean_custom_footer_template":"0","footnotes":""},"class_list":["post-227","page","type-page","status-publish","hentry","entry"],"_links":{"self":[{"href":"https:\/\/www.laksmanna.cz\/info\/wp-json\/wp\/v2\/pages\/227","targetHints":{"allow":["GET"]}}],"collection":[{"href":"https:\/\/www.laksmanna.cz\/info\/wp-json\/wp\/v2\/pages"}],"about":[{"href":"https:\/\/www.laksmanna.cz\/info\/wp-json\/wp\/v2\/types\/page"}],"author":[{"embeddable":true,"href":"https:\/\/www.laksmanna.cz\/info\/wp-json\/wp\/v2\/users\/1"}],"replies":[{"embeddable":true,"href":"https:\/\/www.laksmanna.cz\/info\/wp-json\/wp\/v2\/comments?post=227"}],"version-history":[{"count":36,"href":"https:\/\/www.laksmanna.cz\/info\/wp-json\/wp\/v2\/pages\/227\/revisions"}],"predecessor-version":[{"id":4439,"href":"https:\/\/www.laksmanna.cz\/info\/wp-json\/wp\/v2\/pages\/227\/revisions\/4439"}],"wp:attachment":[{"href":"https:\/\/www.laksmanna.cz\/info\/wp-json\/wp\/v2\/media?parent=227"}],"curies":[{"name":"wp","href":"https:\/\/api.w.org\/{rel}","templated":true}]}}